4
-4 + 1 + (-1 - (7 - 15))
4
What is the value of -4 - (3 - 3) - (0 - 11)?
7
What is the value of 10 + 7 + -11 - (0 + 4)?
2
Evaluate 4 + -1 + 0 + -2.
1
What is the value of -2 + (-1 + -6 - -5 - 3)?
-7
Evaluate 0 + 2 - (-5 - -7).
0
2 - 2 - (0 - (0 - 0))
0
What is 8 + 7 + -7 - 8?
0
What is 6 + (-5 + -1 - -7)?
7
Evaluate (-1 - (-2 + 4)) + 4 + -1.
0
What is 2 + (2 + 0 + -2 - -1)?
3
What is the value of -3 + (-4 - (-11 - -4))?
0
Calculate 1 + -1 - (0 + 0 + -4).
4
What is the value of 9 + -1 - 4 - 3?
1
Calculate -4 + 5 + (-5 - -1).
-3
What is -2 + 3 + 2 + -3 + -4?
-4
Evaluate -12 + 15 - 1 - (1 + 3).
-2
-10 + -5 + (-10 - -29)
4
Calculate (11 - (9 + -2)) + 4 + -2.
6
What is 9 - 16 - -8 - 7?
-6
Evaluate (6 + -15 - (-3 + -4)) + 1.
-1
What is -4 - -4 - (-6 + 0)?
6
4 - ((1 - 3) + 3)
3
Calculate (11 - 3) + -3 + (4 - 5).
4
-8 + (15 - (0 + 4))
3
Calculate -4 - -1 - (10 - 16).
3
What is 3 + 4 + (-11 - (0 + -3))?
-1
What is 70 - 69 - (-1 - -2)?
0
What is the value of 0 + -4 + -3 + (12 - 0)?
5
-1 + 3 - 0 - 7
-5
What is the value of (-5 + 8 - 6) + 2?
-1
Evaluate 21 + (4 - 11) + 1 + -8.
7
6 - (-8 - -11) - 10
-7
Calculate (-3 - -5 - -1) + -10.
-7
What is -4 + 12 - (15 + -2)?
-5
Evaluate -1 + 7 + 12 + -10.
8
What is the value of 0 - (1 + -3 + -2) - 0?
4
Evaluate -81 - -78 - (-1 + -2 - 0).
0
What is the value of 10 + (-26 - (-17 - -9))?
-8
What is 2 + -5 - (7 + -13)?
3
Calculate (-1 - 2) + 0 + 7 + 1.
5
Calculate 0 - (2 + 3) - -5.
0
Evaluate (-9 - (-3 - 6)) + -6.
-6
What is 6 + -10 + (-12 - -19)?
3
What is 2 + -1 + -2 + 3 + -1?
1
What is 10 + (2 - -7 - 20)?
-1
Calculate -2 - (-1 + -5 - -9).
-5
Calculate 5 + -16 + 7 - -8.
4
-2 + (-1 + -5 - (-7 - -1))
-2
What is 4 + 4 + (2 - 4)?
6
What is the value of -3 - (-3 - -7) - -3?
-4
Calculate (-1 - 5) + 1 + 5 + 1.
1
What is (2 - -3) + 0 + -7?
-2
Calculate (1 - 0 - 4) + (1 - -5).
3
Calculate -2 + (2 + 1 + -3 - 3).
-5
Evaluate 1 - (-1 - (5 - (1 + 3))).
3
Evaluate (10 - -2 - 2 - 5) + -2.
3
Calculate (-1 - (1 - 3)) + (32 - 32).
1
Evaluate 6 + (-3 - 7) + (0 - -3).
-1
Calculate (2 - (-1 + 1 - -2)) + 0.
0
What is the value of (-57 - -50 - (0 + -7)) + 1?
1
What is the value of (1 - 2) + (4 - (4 - -10))?
-11
Evaluate (442 - 434) + (-3 - (0 + -1)).
6
Calculate -2 + -1 + 1 - -2.
0
What is the value of (-31 - -38) + (-8 - -1)?
0
What is the value of 5 + -1 + 0 + (-4 - 2)?
-2
What is the value of (-15 - -19) + 1 + 0?
5
Evaluate -2 - (4 - 1) - -4.
-1
Evaluate 10 + (-3 - (0 - -2)).
5
Calculate 5 + (7 - (-10 + 21)).
1
What is the value of 6 + (-4 - -2) - 3?
1
Calculate -1 - (6 + 1) - (-14 + 15).
-9
What is the value of -9 + (4 - (3 + -1))?
-7
Calculate -16 - -7 - (-5 + 0).
-4
Calculate -3 + 0 + -1 + 4.
0
Calculate 6 - (1 + 2) - (1 - -2).
0
What is the value of 1 - -4 - (14 + -5)?
-4
Evaluate (6 - (0 + 2)) + (5 - 8).
1
Calculate (7 - 5 - (1 + -3)) + 0.
4
Evaluate (4 - 1) + -3 + 3 - 5.
-2
Calculate 5 - 5 - (-1 - 5) - 6.
0
Calculate -2 + (-3 - -9) + -8.
-4
0 - (3 + -2) - -6
5
Evaluate 2 + -1 + (-3 - -1) + -2.
-3
Evaluate 1 + -6 + (9 - (1 + 6)).
-3
Calculate 72 + -85 + (11 - -1).
-1
What is 0 - (-1 + 10 + -8)?
-1
-3 - ((12 - 8) + -1)
-6
What is the value of 7 + -1 - (8 + -5)?
3
-3 - (0 - (-1 - -2)) - -3
1
0 + (3 + 0 - (9 + -4))
-2
Calculate 10 - 5 - (10 - 1 - 1).
-3
4 + 1 + (-46 - -43)
2
What is the value of (120 - 115) + (2 - -2)?
9
Calculate 17 + -20 - (-4 - 3).
4
Calculate (0 - -6) + (-15 - -10).
1
What is (-1 - (-1 + -5)) + (-1 - 2)?
2
8 + (9 - (5 + 5))
7
Evaluate 5 + -2 + -6 + -2.
-5
What is (1 - 8) + (-43 - -48)?
-2
What is the value of 6 - (2 + 6 + -4)?
2
(-4 - (-5 + -2)) + -1
2
Evaluate 6 + 1 + (-5 - -8) + -6.
4
What is the value of -3 - 4 - (11 - 19)?
1
11 - (-6 + 9 + 6)
2
What is the value of 8 - (-8 + 11) - (2 - 0)?
3
Calculate 2 - (7 - (11 + -15)).
-9
Evaluate 2 - 2 - (-2 + -5) - 2.
5
-2 - -7 - 2 - (3 + -2)
2
Evaluate (0 - (0 - -1)) + -145 + 150.
4
What is the value of 1 + 1 + 2 + -7 - -4?
1
Calculate 4 + 3 - 7 - -5.
5
Evaluate -9 - (2 + -13 + 8).
-6
Evaluate 1 - -1 - (-14 - -14).
2
-9 - (-11 + 5 - 0)
-3
(-9 - -3) + 1 + 23 + -24
-6
0 + 5 + -16 + 4 + 5
-2
What is the value of 2 + -6 + 3 + 6 + -3?
2
What is 2 - (-1 + -2 + 1)?
4
Calculate -3 - ((4 - 3) + 1).
-5
Evaluate (6 - 2) + (-3 - 1).
0
Evaluate 4 - (0 - 4) - 6.
2
Evaluate (8 + 0 - (-4 - 3)) + -6.
9
What is the value of 4 + (4 - (7 - -5))?
-4
What is the value of -1 + -2 + (5 - 6) + 3?
-1
What is the value of 6 + (5 - 1) + -5?
5
Evaluate 14 - 13 - (1 + 0).
0
Calculate 1 + 2 - (0 + 0).
3
(0 - 3) + -24 + 23
-4
What is 6 - (-1 + (0 - -6))?
1
Evaluate 7 + -14 + 2 + 2.
-3
Calculate 8 + -5 + -8 + 1.
-4
Calculate 4 + -6 + 4 + -10.
-8
Calculate 19 - 21 - (2 - 0).
-4
What is (-4 - (-3 + 6) - -2) + -1?
-6
What is -1 + -2 - (13 - 12)?
-4
Calculate 11 + -1 + (-44 - -39) - -3.
8
What is the value of (-11 - -11) + 1 + -4?
-3
6 - 3 - (5 + -2) - -4
4
What is (3 - 0 - (0 + 6)) + 6?
3
(1 + -9 - 0) + 6 - 3
-5
(-2 + 4 + 0 - 3) + 5
4
Calculate 1 - ((8 - 5) + -6).
4
-5 + (-1 - -2) - (-28 - -22)
2
Evaluate 7 - (2 + 8 + -5).
2
(-3 - (-4 - -8)) + (-2 - -5)
-4
3 - (4 + -4 - 0)
3
Calculate -3 + (0 - 2) + (-1 - -4).
-2
60 + -61 - (2 + 5)
-8
(-4 - (-3 + 2)) + 5
2
What is -2 + 2 - (-36 - -31)?
5
What is the value of -5 - ((0 - 1) + -6 + 4)?
-2
What is the value of -3 + 10 + 0 + -8?
-1
What is -4 + (5 + 0 - -2) + -1?
2
Evaluate -1 + -8 + (0 - -5).
-4
Evaluate (5 - 2) + (5 - -1) + -7.
2
Calculate -1 - ((0 - 9) + 7).
1
Calculate -5 - -1 - -5 - 9.
-8
Calculate 3 + 5 + -1 + -3 + 1.
5
(-5 - -4) + -1 + 7
5
Calculate 0 + (-39 + 48 - (5 - 1)).
5
Evaluate 4 + 1 - -1 - 8.
-2
What is 2 + -2 + (-7 - -9)?
2
Calculate -3 + 1 - (-6 - (-5 - -3)).
2
-2 + (-9 - -6) + -2
-7
Evaluate -7 + -1 + (6 - 3).
-5
(-1 - 2) + 9 - (2 + 11)
-7
What is the value of 11 - (-4 + (5 - -14))?
-4
What is the value of (0 - 5) + 5 + -4?
-4
8 + (8 - 8) - 6 - 4
-2
2 + 3 - (-3 + 6)
2
What is 3 - (-4 - -13 - 9)?
3
Evaluate 6 + 0 - (-1 + 6).
1
Evaluate (-3 + 0 + 3 - -5) + -9.
-4
What is 1 + 1 + 3 + 0 + -4?
1
Calculate -4 - (3 - (-2 + 2 + 3)).
-4
What is the value of 2 + (-3 - 3) - (-2 + 1)?
-3
What is -4 - (2 + 2 - (-8 + 6))?
-10
What is the value of -3 + (-1 + -2 - -10)?
4
What is the value of 6 - (4 - 1) - 1?
2
What is (-4 - (0 - 1)) + 12 + -4?
5
(12 - 4) + (-6 - -2) + -9
-5
What is the value of 0 + 11 - (-4 + 16)?
-1
What is the value of -30 + 37 - (1 + 0)?
6
What is -2 - (-4 + (6 + -3 - 4))?
3
What is the value of 1 + 6 + (4 + -6 - 0)?
5
What is the value of (-7 - -7 - 3) + 8?
5
-5 - -5 - (-4 + -3) - 3
4
What is the value of 94 + -90 + (-7 - 0)?
-3
What is 0 + 1 + -2 + -4?
-5
13 + -13 + 9 + -4
5
Calculate 5 + (-5 - (-3 + (-3 - -3))).
3
What is (122 - 125) + (0 + -1 - 1)?
-5
Evaluate -14 + 27 + 0 - 5.
8
Evaluate (1 + 2 - (6 - 6)) + -2.
1
What is the value of 41 + -49 - (1 - 3)?
-6
Evaluate -1 - (-1 + -4 + 0 + 6).
-2
-1 + (-3 - -5 - 9)
-8
What is the value of (-1 - 1) + 3 - (10 + -7)?
-2
What is -3 + 1 + 4 - (-10 + 13)?
-1
What is the value of -1 + 9 + -1 + -2?
5
-3 + (3 + -7 - -10)
3
What is -24 - -1 - (-118 + 105)?
-10
Calculate 7 - 12 - (-3 - 1).
-1
Evaluate 4 + (-2 - (0 + -1)).
3
-1 - ((9 - 2 - 0) + -3)
-5
Evaluate (-3 - (4 - 4)) + 1 + 1.
-1
Evaluate -3 + -3 - (-1 - (-4 - -18)).
9
What is 5 - (3 + (-3 - 0)) - 9?
-4
Calculate 5 - 6 - (2 + 2 + -5).
0
Calculate (-3 - -9) + -4 + -7.
-5
7 + -4 + 7 + -6
4
What is the value of -14 - (-8 + (-8 - -6))?
-4
Evaluate -20 - -19 - (-10 + -1).
10
Calculate (-5 - 5) + (-8 - -18).
0
What is the value of -2 - -1 - (12 + -17)?
4
Evaluate -7 + (18 - 12) - -1.
0
Evaluate (4 - 7) + 0 - -1.
-2
Calculate 2 - ((-11 - -8) + -3).
8
Evaluate 3 - (-5 - (-12 - -5)).
1
2 + -2 - -2 - 2
0
What is 5 - ((4 - -1) + 1 - 2)?
1
-5 - (-7 - -6 - (-1 - -6))
1
What is -3 + 0 - 0 - (3 + -9)?
3
What is 6 + (3 - 11) - -9?
7
What is the value of (-3 - -5 - 2) + 1 + -1?
0
What is 7 - (-5 + 4 - -3)?
5
Calculate (4 - 6) + (0 - 6) + 0.
-8
Calculate -8 - (5 - (-9 + 15)).
-7
What is 3 - 5 - (7 - (1 + 1))?
-7
Calculate 3 + (-13 + -1 - -11).
0
What is (-8 - -8) + 4 + -6?
-2
What is the value of -4 + 1 + -5 + 3?
-5
What is the value of (-27 - -35) + (0 - 0) + -1?
7
What is the value of -8 - (-1 - (1 + 2)) - -1?
-3
What is 13 + -2 + 6 - 11?
6
What is 2 + 2 + -10 + 0 - -10?
4
1 + (-2 - (8 - 12 - 3))
6
What is the value of -3 + -3 + (1 - 0)?
-5
What is 1 